{"id":8,"date":"2024-01-02T10:24:01","date_gmt":"2024-01-02T10:24:01","guid":{"rendered":"https:\/\/beschwerdechor-leverkusen.de\/?page_id=8"},"modified":"2025-08-27T11:03:22","modified_gmt":"2025-08-27T11:03:22","slug":"beschwerdechor-leverkusen","status":"publish","type":"page","link":"https:\/\/beschwerdechor-leverkusen.de\/","title":{"rendered":"Beschwerdechor Leverkusen"},"content":{"rendered":"<p>[et_pb_section fb_built=&#8220;1&#8243; admin_label=&#8220;section&#8220; _builder_version=&#8220;4.16&#8243; global_colors_info=&#8220;{}&#8220;][et_pb_row admin_label=&#8220;row&#8220; _builder_version=&#8220;4.16&#8243; background_size=&#8220;initial&#8220; background_position=&#8220;top_left&#8220; background_repeat=&#8220;repeat&#8220; global_colors_info=&#8220;{}&#8220;][et_pb_column type=&#8220;4_4&#8243; _builder_version=&#8220;4.16&#8243; custom_padding=&#8220;|||&#8220; global_colors_info=&#8220;{}&#8220; custom_padding__hover=&#8220;|||&#8220;][et_pb_image src=&#8220;https:\/\/beschwerdechor-leverkusen.de\/wp-content\/uploads\/2024\/01\/beschwerdechor-startbild.jpg&#8220; title_text=&#8220;beschwerdechor-startbild&#8220; _builder_version=&#8220;4.20.4&#8243; _module_preset=&#8220;default&#8220; global_colors_info=&#8220;{}&#8220;][\/et_pb_image][et_pb_text _builder_version=&#8220;4.20.4&#8243; _module_preset=&#8220;default&#8220; locked=&#8220;off&#8220; global_colors_info=&#8220;{}&#8220;]<\/p>\n<h2>Der Leverkusener Beschwerdechor<\/h2>\n<p>Der Leverkusener Beschwerdechor, gegr\u00fcndet 2013 von Peter Willmanns, ist mittlerweile eine bekannte Gr\u00f6\u00dfe in Leverkusen und der weiteren Umgebung.<\/p>\n<p>Kein Chor \u201ewie jeder andere\u201c sondern etwas \u201eschr\u00e4g\u201c, ausgefallen, nicht vergleichbar mit \u201e\u00fcblichen\u201c Ch\u00f6ren. Ca. 20 S\u00e4ngerinnen und S\u00e4nger beschweren sich musikalisch \u00fcber allt\u00e4gliche \u00c4rgernisse, \u00fcber gesellschaftliche und politische Unzul\u00e4nglichkeiten und pers\u00f6nliche Dinge wie z.B. das eigene Altern, die Ignoranz der Herrschenden und die geschundene Natur. Lieder \u00fcber das Pers\u00f6nliche und das Allgemeine., Dies geschieht in \u00fcberwiegend selbstgemachten Songs, aber auch in Interpretationen von St\u00fccken anderer K\u00fcnstler .Seit ca.8 Jahren ist Michael Meierjohann der neue Chorleiter.<\/p>\n<p>Beschwerdech\u00f6re gibt es auf der ganzen Welt. Erste Ch\u00f6re wurden 2005 in Birmingham und 2006 in Helsinki, Hamburg und Sankt Petersburg gegr\u00fcndet.<\/p>\n<p>Ideengeber und Initiatoren waren das deutsch-finnische K\u00fcnstlerpaar Kochta-Kalleinen.<\/p>\n<p>\nZitat:<br \/>\n<strong>\u201eMenschen verbringen sehr viel Zeit damit, sich zu beschweren. Wir wollten diese negative Energie in<br \/>\netwas Gro\u00dfes, Kollektives, etwas Lustiges und Kraftvolles umwandeln.\u201c<\/strong><br \/>\nNa dann-los!!<\/p>\n<p>[\/et_pb_column][\/et_pb_row][\/et_pb_section]<\/p>\n","protected":false},"excerpt":{"rendered":"<p>[et_pb_section fb_built=&#8220;1&#8243; admin_label=&#8220;section&#8220; _builder_version=&#8220;4.16&#8243; global_colors_info=&#8220;{}&#8220;][et_pb_row admin_label=&#8220;row&#8220; _builder_version=&#8220;4.16&#8243; background_size=&#8220;initial&#8220; background_position=&#8220;top_left&#8220; background_repeat=&#8220;repeat&#8220; global_colors_info=&#8220;{}&#8220;][et_pb_column type=&#8220;4_4&#8243; _builder_version=&#8220;4.16&#8243; custom_padding=&#8220;|||&#8220; global_colors_info=&#8220;{}&#8220; custom_padding__hover=&#8220;|||&#8220;][et_pb_image src=&#8220;https:\/\/beschwerdechor-leverkusen.de\/wp-content\/uploads\/2024\/01\/beschwerdechor-startbild.jpg&#8220; title_text=&#8220;beschwerdechor-startbild&#8220; _builder_version=&#8220;4.20.4&#8243; _module_preset=&#8220;default&#8220; global_colors_info=&#8220;{}&#8220;][\/et_pb_image][et_pb_text _builder_version=&#8220;4.20.4&#8243; _module_preset=&#8220;default&#8220; locked=&#8220;off&#8220; global_colors_info=&#8220;{}&#8220;] Der Leverkusener Beschwerdechor Der Leverkusener Beschwerdechor, gegr\u00fcndet 2013 von Peter Willmanns, ist mittlerweile eine bekannte Gr\u00f6\u00dfe in Leverkusen und der weiteren Umgebung. Kein Chor \u201ewie jeder andere\u201c sondern etwas \u201eschr\u00e4g\u201c, [&hellip;]<\/p>\n","protected":false},"author":1,"featured_media":0,"parent":0,"menu_order":0,"comment_status":"closed","ping_status":"closed","template":"","meta":{"_et_pb_use_builder":"off","_et_pb_old_content":"","_et_gb_content_width":"","footnotes":""},"class_list":["post-8","page","type-page","status-publish","hentry"],"_links":{"self":[{"href":"https:\/\/beschwerdechor-leverkusen.de\/index.php?rest_route=\/wp\/v2\/pages\/8","targetHints":{"allow":["GET"]}}],"collection":[{"href":"https:\/\/beschwerdechor-leverkusen.de\/index.php?rest_route=\/wp\/v2\/pages"}],"about":[{"href":"https:\/\/beschwerdechor-leverkusen.de\/index.php?rest_route=\/wp\/v2\/types\/page"}],"author":[{"embeddable":true,"href":"https:\/\/beschwerdechor-leverkusen.de\/index.php?rest_route=\/wp\/v2\/users\/1"}],"replies":[{"embeddable":true,"href":"https:\/\/beschwerdechor-leverkusen.de\/index.php?rest_route=%2Fwp%2Fv2%2Fcomments&post=8"}],"version-history":[{"count":8,"href":"https:\/\/beschwerdechor-leverkusen.de\/index.php?rest_route=\/wp\/v2\/pages\/8\/revisions"}],"predecessor-version":[{"id":105,"href":"https:\/\/beschwerdechor-leverkusen.de\/index.php?rest_route=\/wp\/v2\/pages\/8\/revisions\/105"}],"wp:attachment":[{"href":"https:\/\/beschwerdechor-leverkusen.de\/index.php?rest_route=%2Fwp%2Fv2%2Fmedia&parent=8"}],"curies":[{"name":"wp","href":"https:\/\/api.w.org\/{rel}","templated":true}]}}

<p>[et_pb_section fb_built=&#8220;1&#8243; admin_label=&#8220;section&#8220; _builder_version=&#8220;4.16&#8243; global_colors_info=&#8220;{}&#8220;][et_pb_row admin_label=&#8220;row&#8220; _builder_version=&#8220;4.16&#8243; background_size=&#8220;initial&#8220; background_position=&#8220;top_left&#8220; background_repeat=&#8220;repeat&#8220; global_colors_info=&#8220;{}&#8220;][et_pb_column type=&#8220;4_4&#8243; _builder_version=&#8220;4.16&#8243; custom_padding=&#8220;|||&#8220; global_colors_info=&#8220;{}&#8220; custom_padding__hover=&#8220;|||&#8220;][et_pb_image src=&#8220;https://beschwerdechor-leverkusen.de/wp-content/uploads/2024/01/beschwerdechor-startbild.jpg&#8220; title_text=&#8220;beschwerdechor-startbild&#8220; _builder_version=&#8220;4.20.4&#8243; _module_preset=&#8220;default&#8220; global_colors_info=&#8220;{}&#8220;][/et_pb_image][et_pb_text _builder_version=&#8220;4.20.4&#8243; _module_preset=&#8220;default&#8220; locked=&#8220;off&#8220; global_colors_info=&#8220;{}&#8220;]</p>
<h2>Der Leverkusener Beschwerdechor</h2>
<p>Der Leverkusener Beschwerdechor, gegründet 2013 von Peter Willmanns, ist mittlerweile eine bekannte Größe in Leverkusen und der weiteren Umgebung.</p>
<p>Kein Chor „wie jeder andere“ sondern etwas „schräg“, ausgefallen, nicht vergleichbar mit „üblichen“ Chören. Ca. 20 Sängerinnen und Sänger beschweren sich musikalisch über alltägliche Ärgernisse, über gesellschaftliche und politische Unzulänglichkeiten und persönliche Dinge wie z.B. das eigene Altern, die Ignoranz der Herrschenden und die geschundene Natur. Lieder über das Persönliche und das Allgemeine., Dies geschieht in überwiegend selbstgemachten Songs, aber auch in Interpretationen von Stücken anderer Künstler .Seit ca.8 Jahren ist Michael Meierjohann der neue Chorleiter.</p>
<p>Beschwerdechöre gibt es auf der ganzen Welt. Erste Chöre wurden 2005 in Birmingham und 2006 in Helsinki, Hamburg und Sankt Petersburg gegründet.</p>
<p>Ideengeber und Initiatoren waren das deutsch-finnische Künstlerpaar Kochta-Kalleinen.</p>
<p>
Zitat:<br />
<strong>„Menschen verbringen sehr viel Zeit damit, sich zu beschweren. Wir wollten diese negative Energie in<br />
etwas Großes, Kollektives, etwas Lustiges und Kraftvolles umwandeln.“</strong><br />
Na dann-los!!</p>
<p>[/et_pb_column][/et_pb_row][/et_pb_section]</p>

<p>[et_pb_section fb_built=&#8220;1&#8243; admin_label=&#8220;section&#8220; _builder_version=&#8220;4.16&#8243; global_colors_info=&#8220;{}&#8220;][et_pb_row admin_label=&#8220;row&#8220; _builder_version=&#8220;4.16&#8243; background_size=&#8220;initial&#8220; background_position=&#8220;top_left&#8220; background_repeat=&#8220;repeat&#8220; global_colors_info=&#8220;{}&#8220;][et_pb_column type=&#8220;4_4&#8243; _builder_version=&#8220;4.16&#8243; custom_padding=&#8220;|||&#8220; global_colors_info=&#8220;{}&#8220; custom_padding__hover=&#8220;|||&#8220;][et_pb_image src=&#8220;https://beschwerdechor-leverkusen.de/wp-content/uploads/2024/01/beschwerdechor-startbild.jpg&#8220; title_text=&#8220;beschwerdechor-startbild&#8220; _builder_version=&#8220;4.20.4&#8243; _module_preset=&#8220;default&#8220; global_colors_info=&#8220;{}&#8220;][/et_pb_image][et_pb_text _builder_version=&#8220;4.20.4&#8243; _module_preset=&#8220;default&#8220; locked=&#8220;off&#8220; global_colors_info=&#8220;{}&#8220;] Der Leverkusener Beschwerdechor Der Leverkusener Beschwerdechor, gegründet 2013 von Peter Willmanns, ist mittlerweile eine bekannte Größe in Leverkusen und der weiteren Umgebung. Kein Chor „wie jeder andere“ sondern etwas „schräg“, [&hellip;]</p>
